 8 - -6. Suppose -6 = -5*k + a. Is b(k) a prime number?
False
Let z = -11 - -11. Let w(p) be the second derivative of -p**3/6 + 139*p**2/2 - 65*p. Is w(z) a prime number?
True
Let h be 3/9 + (-3306)/9. Let z(v) = -v**3 - 13*v**2 + 9*v + 57. Let u be z(-16). Let q = h + u. Is q a composite number?
True
Is (-3038652)/(-78) + 10/(-130) a prime number?
False
Let y(u) = 6*u**3 - 45*u**2 + 16*u - 44. Let m be y(18). Let x = m + -7013. Is x a prime number?
False
Let a = 718461 - 430154. Is a prime?
True
Let x = 195 - 206. Let t(u) = -37*u**3 + u**2 - 13*u + 26. Is t(x) composite?
False
Suppose -13*r + 80077 + 48246 = 0. Is r a prime number?
True
Let u = -3780 + 299. Let r = 8399 + u. Is r composite?
True
Let l = 77 - 21. Let m = l + -65. Is m/45 - 336/(-5) prime?
True
Let l be -12*(5 + -5 + (-6)/(-18)). Is (-78832)/(-5) - (l - 68/(-20)) a prime number?
True
Suppose 2*n - y + 747 = 0, -6*y + 1124 = -3*n - y. Let a = n - -622. Is a composite?
True
Let t(a) = -2*a + 26. Let k(r) = r**3 - 3*r**2 - 2*r + 5. Let u be k(4). Let z be t(u). Is (1 + 4 + -6)*(-1931 - z) composite?
False
Let a be -3*(1 - (-80)/3). Let h = 519 + -295. Let g = a + h. Is g a prime number?
False
Let t be ((-14)/(-28))/(-1 - (-75)/72). Is 105942/t*(-4)/(-2) a prime number?
True
Let k = -109007 + 331088. Is k a composite number?
True
Suppose 0 = 7*h - 33 + 5. Suppose h*j = -19 + 19. Suppose 0 = -j*q + 4*q - 3*t - 3523, -4*q = -4*t - 3528. Is q composite?
False
Suppose -3*u + 161244 = u. Suppose 4*t + u = 13*t. Is t prime?
False
Suppose 3*n - 6*n - 18 = 0. Let l be (-6)/n + 2 + 34. Let r = l + 352. Is r a prime number?
True
Suppose -a + 40 = 4*a. Suppose 10923 = -7*v + a*v. Is -2*(v/22)/(6/(-10)) prime?
False
Suppose -36*n = -30*n - 90. Let c(u) = -28*u - 5. Let i be c(-7). Suppose -14*d - i = -n*d. Is d prime?
True
Let z = 14 - 10. Let w(a) = 55 - 14 - 39*a - 26 + z*a**2. Is w(-16) a composite number?
False
Suppose 2934 = 3*s + 3*o, -4*o - 841 = -2*s + 1121. Let y(i) = 14*i - 261. Let a be y(19). Suppose a*t - 1516 = s. Is t prime?
True
Suppose -124227 = -2*b + j, 0 = 13*b - 5*j - 446419 - 361067. Is b a composite number?
True
Is (2 - 14463)/(2/8)*6970/(-1640) prime?
False
Suppose 11*b = 1368599 + 113684. Is b composite?
False
Suppose 0 = 2*k - 0*k - 3*z - 50, -3*z + 64 = 4*k. Suppose -5 = v, -4*r + 5*v = -r - k. Is 4*(-585)/r - 4 - 3 a composite number?
False
Let q(s) = -s**3 - s**2 + 24*s + 131. Is q(-28) composite?
False
Let u(c) = 46*c**3 - c**2 + 11*c + 7. Suppose 5*x + 1 = 3*f + 13, 0 = 3*x - 5*f - 4. Is u(x) a composite number?
True
Let f(i) = 2451*i - 17. Let b be f(2). Suppose -35*s = -36*s + b. Is s a composite number?
True
Let l(n) = -n**3 - 16*n**2 + 12*n - 32. Let m be 294/(-18) - (-3)/9. Let c be (2 - 23) + m/(-6 - -2). Is l(c) a prime number?
True
Suppose -3*y + 18 = -2*y + 4*m, 3*y - 22 = -4*m. Suppose -15*u + y*u = 0. Suppose -2*i = -u*i - 956. Is i a composite number?
True
Suppose 0 = -4*t - 8*z + 10*z + 2081876, 3*t + 3*z - 1561425 = 0. Is t composite?
True
Let h(b) = -3647*b - 530. Is h(-27) a composite number?
True
Let t be 4/((-10)/(-4) + -3). Let r(h) = -291*h + 27. Let n(d) = -145*d + 15. Let x(y) = -7*n(y) + 4*r(y). Is x(t) composite?
True
Suppose -21*a + 6*a - 126001 + 1791196 = 0. Is a composite?
True
Let v be (19/19)/(3/(1 - -50)). Let m(i) = 7*i**2 + 21*i + 33. Is m(v) composite?
True
Let y(k) = -132*k + 28*k - 76*k + 26. Let j(i) = -211*i - 637. Let f be j(-3). Is y(f) a prime number?
False
Suppose 0 = 5*a + r - 6*r, 2*a = -2*r + 16. Suppose 5*t + 2*y = t + 29376, -5*t + 3*y + 36709 = 0. Suppose -a*w = -11*w + t. Is w a prime number?
True
Let a be ((-36)/(-27))/((-2)/(-3)) + -1. Let w(o) = -o**3 + o + 1. Let d(m) = 7*m**3 + m**2 - 5*m + 5. Let k(i) = a*d(i) - w(i). Is k(3) composite?
False
Let s(x) be the first derivative of -x**2/2 + 12*x + 7. Let p be s(7). Let k(z) = z + 1. Is k(p) a prime number?
False
Suppose -16*q + 87507 + 231202 - 8741 = 0. Is q composite?
False
Let u be 64/((-10)/(-9 + 4)). Let p(k) = -4*k + 65. Let o be p(u). Let w = o - -254. Is w a prime number?
True
Let o(l) = -27581*l - 166. Is o(-3) a prime number?
False
Let j(m) = 27125*m**3 + 2*m**2 + 4*m - 5. Is j(2) a composite number?
True
Let w = -292 + 312. Is (-24)/w*11540/(-8) + 4 prime?
False
Let k(a) = -12209*a + 2826. Is k(-7) composite?
False
Suppose 0*x - 4 = -2*x. Suppose 2*f - x*j = 7*f - 96303, 77044 = 4*f + 2*j. Is f a prime number?
True
Let i be (1453 - 0)*40 - (-15 - -18). Let c = i + -31578. Is c a prime number?
True
Let v = 205 + -209. Let r(h) = 1548*h**2 - h - 9. Is r(v) a composite number?
False
Suppose 2*c - 30 = 5*j, -3*c + 14 = j + 3. Suppose -1038 + 20181 = c*b + n, -2*b - n = -7656. Is b prime?
False
Let m = -265792 + 556583. Is m a composite number?
False
Let t = -27 - -50. Let x = t + -16. Let s(o) = -o**3 + 8*o**2 + 2*o - 10. Is s(x) prime?
True
Let p(x) = -x**2 + 9*x - 15. Let w be p(6). Suppose 0*k = 2*k - 4. Suppose -k*y = -5*a + 4381, 1744 = -a + w*a - 5*y. Is a a composite number?
False
Let q be (-63930)/(-14) - (-4)/7. Suppose -q = -2*d - 0*d - 3*k, -k = 5. Is d composite?
True
Suppose 3*f = 6, 2*w + 10 = 3*f - 4*f. Is 13263/w*26/(-13) composite?
False
Suppose -9*s = -5333 - 2083. Suppose -4*b + 1487 = 5*a, 0 = 3*b - 2*a - 297 - s. Is b a prime number?
True
Suppose -9 = 3*n, -26*k = -21*k - 4*n + 98. Let g(s) = 3*s**2 + 49*s - 51. Is g(k) prime?
False
Let a be (-13734)/(-4)*(-168)/(-98). Suppose -4*y = -3*x + 8833, -2*y - a = -0*x - 2*x. Is x a prime number?
True
Suppose 0 = 22*z - 13*z - 54. Let t(w) = 4422*w + 215. Is t(z) a composite number?
True
Let s(l) = -6*l - 15 - 25*l + 6 + 2*l**2 - 6. Let q be s(16). Is (-185)/(1/(q + -2)) a prime number?
False
Let h(s) = 7*s**3 + 2*s**2 + s + 5. Let v be h(-3). Let y(g) = 40*g + 62. Let l be y(9). Let t = l + v. Is t a composite number?
True
Suppose -2*a - j = -4, 3*a + j - 17 = -10. Suppose -4*f + 4 = 3*u + 32, 2*f + 12 = -u. Is 466/a*(0 + (-6)/u) composite?
False
Let y(r) = -3*r**3 - r + 4. Let g be y(0). Let a be g + (2 + 2/(-1))/(-1). Suppose 0*f = a*i + f - 1274, 5*f + 1286 = 4*i. Is i composite?
True
Let a(f) = 297*f**2 + 34*f - 54. Is a(25) a prime number?
False
Let q(x) = -114*x**2 - 2*x - 17. Let b(w) = 344*w**2 + 6*w + 50. Let h(d) = 6*b(d) + 17*q(d). Is h(3) a prime number?
True
Suppose -3925 = -8*v + 1163. Suppose -510 = -h + 5*t + v, 0 = -5*h - 4*t + 5759. Is h prime?
True
Let m(t) = -t**2 + 9*t - 9. Let y be m(7). Suppose -9 - 16 = -5*u, -y*u = -b - 21. Suppose -2*f + 5*w - 2935 = -7*f, 0 = b*w. Is f prime?
True
Let z = 36544 - -104319. Is z a prime number?
True
Suppose -3*j + 15 = 0, -j = -2*g + 2*j - 21959. Let q = g + 22227. Is q a prime number?
False
Suppose -2217 = -3*l - 411. Suppose -2*w - 12*w = -l. Is w composite?
False
Let c = -395 - -402. Suppose c*j = 12*j - 55915. Is j a composite number?
True
Let w = 736770 - 483463. Is w a prime number?
True
Let i(w) = -5*w + 3417. Let x be i(0). Let o = -2044 + x. Is o composite?
False
Let o(u) = -11*u**2 - u + 11. Let v(r) = -11*r**2 - 2*r + 12. Let k(d) = 5*o(d) - 4*v(d). Let f be k(-4). Let g = f + 347. Is g composite?
True
Is ((-4970275)/(-100))/(18/72) composite?
False
Suppose -j - 14242 = -2*t, -t + 3*j - 1446 = -8557. Let g = t - 2270. Is g prime?
False
Let l(t) = -28*t + 3. Let r be l(-3). Let q = -278 + r. Let j = q + 484. Is j a composite number?
False
Let c be 1755460/45 + (-14)/63. Suppose -13*l + c = -164167. Is l a composite number?
False
Let c(u) = 592187*u**2 - 11*u + 1. Is c(-1) composite?
False
Let q(l) = 21968*l**2 + 14*l + 97. Is q(-4) a prime number?
True
Suppose -34*w = -9*r - 36*w + 1618023, -r - 5*w = -179809. Is r a composite number?
False
Let w(k) = k**3 - 6*k**2 + 2*k + 11. Let v be 7/((-21)/(-6)) + -3 - -7. Is w(v) a prime number?
True
Suppose -b = -5*s + 18, -3*s = s + 3*b - 22. Suppose 2*k + 2177 = g, 14*k - 12*k - 8718 = -s*g. Is g a composite number?
False
Suppose -5*h - 5*a + 152225 = 0, -5*h + 2*a = -192996 + 40743. Is h composite?
False
Suppose -392*i = -418*i + 23083762. Is i a composite number?
False
Suppose 0 = -93*s + 84*s + 1677807. Is s prime?
False
Let v(q) = -q**2 - 45*q - 241. Let p be v(-6). Is -10 - 55570/(-14) - (-2)/p composite?
True
Let r(y) = 43*y**3 - 9*y**2 - 56*y - 145. Is r(18) a composi